*z. Suppose -m + 8 = 4*l + 57, -4*m + 5*l - 112 = j. What is the tens digit of 44/m*81/(-2)?
5
Let d = 8 + -9. Let s be d/5 - 782/(-85). What is the tens digit of 2/s - (-534)/27?
2
Suppose 0 = -2*j - 10, 19*j - 654 = -3*d + 16*j. What is the tens digit of d?
2
Let v(z) = 3*z**2 + 21*z + 272. What is the hundreds digit of v(-40)?
2
Suppose -21*f + 3916 = 5*y - 23*f, -f = -5*y + 3913. What is the hundreds digit of y?
7
Let t be (-286)/65*110/(-4). What is the units digit of -1 + t - (3 - (4 + 1))?
2
Let l(g) = 2*g + 8. Let h be l(-3). Suppose h*t + 323 = 19*t. What is the tens digit of t?
1
Let m = -14 + 14. Let i = 17 + 2. Suppose m = -q - 1 - 4, -2*u + i = 5*q. What is the units digit of u?
2
Let j = -25 - -27. Let w be ((-113)/j)/(8/(-16)). Let p = -71 + w. What is the units digit of p?
2
Let g(k) = k**2 + 6*k - 5. Let n be g(-7). Suppose 0 = -c + 3 - n. Let a(y) = 12*y - 1. What is the tens digit of a(c)?
1
Let g = 183 - -457. What is the tens digit of g?
4
Let p(h) = -8*h - 1. Let i(x) = x**3 - 6*x**2 + 5*x - 1. Suppose 3 = 3*k, 5*k - 30 = -4*d - 5. Let c be i(d). What is the units digit of p(c)?
7
Let o(f) = -170*f + 69. What is the units digit of o(-11)?
9
Suppose -1 = -3*f + 5. Suppose 4 = -y + f*y. Suppose -4*l = 0, -100 = -y*u + 2*u + 4*l. What is the tens digit of u?
5
Let l(y) = -y + 335 - 662 + 335. Let f be (-1)/(-4) + (-30)/(-8). What is the units digit of l(f)?
4
Let f = 481 + 47. What is the units digit of f?
8
Suppose l - 2*w = -3*l - 26, 0 = 3*w - 15. Let i = 7 - 4. What is the tens digit of l - -34*(4 - i)?
3
Let d(l) be the first derivative of -82*l**2 - 4*l - 4. Let q be d(3). What is the tens digit of (-4)/(-6) - q/12?
4
Suppose 78 = 18*q + 6. Let a(c) = -4*c**3 + 2*c + 3. Let u be a(-3). Suppose q*r - u = -r. What is the tens digit of r?
2
What is the tens digit of (25 - 27)/(4/(-106))?
5
Let l = 37 - 35. Suppose -5*v + 371 - 61 = -5*s, -3*v + l*s = -181. What is the units digit of v?
7
Let y(s) = 2*s + 5. Let t = 15 - 11. Let w be 0/t + 3 + 5. What is the tens digit of y(w)?
2
What is the hundreds digit of 7 + 0 - (-2610 + -13)?
6
Let c = 316 - -488. What is the units digit of c?
4
Let v(j) = j - 3. What is the units digit of v(5)?
2
Suppose 5*u - 19 = -4*r, r + 6*u - 2*u = -9. Let q = -7 + r. Suppose 0 = -q*i + 16, 5*i - 171 = -5*p + i. What is the tens digit of p?
3
Suppose -5*i = -35 + 10, 0 = 4*s - 3*i + 91. Let f = 184 + s. What is the tens digit of f?
6
Let r(k) = -k**2 - 15*k - 24. Let u be r(-11). Suppose -8*a + u = -3*a, -3*s = -a - 272. What is the units digit of s?
2
Suppose -g - 2*g = -105. Suppose -5*a - 189 + 124 = 0. Let k = g + a. What is the units digit of k?
2
Let c = -14 + 10. Let b = 6 + -6. What is the units digit of ((-4)/c - -14) + b?
5
Let o(t) = 324*t**2 + 24*t - 66. What is the hundreds digit of o(3)?
9
Let u be (-1)/(-2) + (-36)/24 - -7. Suppose -3*l + 0*l - 3 = -5*s, -5*s + 7 = -2*l. Suppose -q + u = l. What is the units digit of q?
2
Let k(t) be the first derivative of 11*t**2/2 + t + 5. Let f be k(-1). What is the tens digit of (-256)/f + (-6)/(-15)?
2
Let r(u) = -5*u + u - 4 - u + 5. Suppose -31 = 5*v - 11. What is the units digit of r(v)?
1
Let m(a) be the third derivative of -7/6*a**3 + 1/12*a**4 + 1/60*a**5 + 0*a - 7*a**2 + 0. What is the units digit of m(8)?
3
Suppose -2*v - 16 = -2*n, 3*n + 0*v + v = 8. Suppose -n*g = 4*u + 4, 3*u - 7*g + 3*g - 32 = 0. Let w = u - -10. What is the units digit of w?
4
Let o = 2722 - 661. What is the tens digit of o?
6
Suppose -15*k + 3966 - 291 = 0. What is the units digit of k?
5
Let c = 39 + -37. Let y = 12 - 6. Let m = y - c. What is the units digit of m?
4
Let u be (-1)/(-1 + (-52)/(-50)). Let k = 29 - u. Suppose 0*g + 2*g - k = 0. What is the units digit of g?
7
Let h = -1525 - -4653. What is the units digit of h?
8
Let r = -10 + 9. Let z be (-16)/48*(-14 + r). What is the tens digit of (-3)/15 - (-306)/z?
6
Let u = -5 - 1. Let i(k) = -k - 3. Let b be i(u). Let y = b - -7. What is the units digit of y?
0
Let b(a) = -a**3 - 11*a**2 + 23*a + 203. What is the hundreds digit of b(-17)?
5
Let z(c) = c**2 - 10*c + 13. Let k(d) = -2*d - 5. Let u = -2 + -5. Let q be k(u). What is the units digit of z(q)?
4
Let i(b) be the second derivative of 1/12*b**4 + 3*b + 0 - 1/6*b**3 - 3/2*b**2. What is the tens digit of i(-5)?
2
Let s(v) = 579*v + 953. What is the hundreds digit of s(9)?
1
Suppose 4*u - 3006 = -5*u. What is the units digit of u?
4
Suppose -3*p + 4 = -5. Suppose -4*j = -4*q - 0*q + 12, 5*j + 2*q = -15. What is the tens digit of p + (-7)/1*j?
2
Let n(l) be the second derivative of l**3/6 + 9*l**2/2 - l. Let r be n(-7). Suppose 0 = r*g - 13 - 11. What is the units digit of g?
2
Let t be (-7)/((-7)/(-2))*-1. Suppose 6*x - t*x = 340. What is the tens digit of x?
8
Suppose 3*j + 975 = t - 1546, 4*t + 2*j = 10070. What is the thousands digit of t?
2
Let h = 31 - 39. Let c(v) = -5*v**2 + 3*v + 2. Let r be c(3). Let b = h - r. What is the tens digit of b?
2
Let v(g) = g**2 - 9*g + 12. Let r(c) = c**3 - 7*c**2 + c + 1. Let q be r(7). Let b be v(q). Let i(o) = o**3 - 4*o**2 + o + 5. What is the units digit of i(b)?
9
Suppose -4*n + 9 = -3*w, -2 = -3*n - w + 8. Suppose -n*u - 102 = -6*u. What is the units digit of u?
4
Let j(d) = -d**2 + 2*d. Let r be j(1). Let u(x) = -44*x**2 - x + 1. Let p be u(r). Let g = p + 74. What is the units digit of g?
0
Let y(t) = 120*t - 3. Let l be y(1). Let s = l - 37. What is the tens digit of s?
8
Suppose 78 = 10*u - 422. Let x = u + -19. What is the tens digit of x?
3
Let d(g) = -3*g - 2. Let j be d(-4). Suppose -a - a = -j. What is the units digit of a?
5
Let v be (-35)/(-14)*(-8)/(-10). What is the units digit of (76*v - 2) + 21 + -20?
1
Suppose -3*d + 3 + 7 = -5*h, -6 = -2*d + 3*h. What is the hundreds digit of (675/(-20) + d)/(1/(-4))?
1
Suppose 30*q - 11621 = 19249. What is the units digit of q?
9
Suppose 3*s - 4*h + 3*h - 5 = 0, -s = 4*h - 6. Suppose 0 = 4*f - 3*n + s*n - 346, 0 = -n + 2. What is the units digit of f?
7
Let f(c) = c**2 + 13*c + 15. Let x be f(-12). Suppose 2*k - 23 = -4*d - 5, x = 4*d - k. Suppose -148 = -2*l - d*l. What is the tens digit of l?
3
Let t be (-60)/(-18)*(-12)/(-10) - 4. Suppose t = 103*h - 108*h + 450. What is the tens digit of h?
9
Let j = 1006 - 590. What is the units digit of j?
6
Let b = 25 + -23. Suppose b*d - 205 = h, 3*d + 0*d + 2*h = 304. Suppose -4*g + g + d = 0. What is the tens digit of g?
3
Let s(d) = d**2 - 4*d - 29. Let m be s(-17). Suppose -m = -3*j + 20. What is the hundreds digit of j?
1
Suppose 0*i = 2*x + i - 129, -2*i = -6. Suppose -2*l + 83 = -x. What is the units digit of l?
3
Let c be (-35)/21*(-3)/(-1). Let f = c + 16. Let b(d) = d**3 - 11*d**2 + 3*d + 5. What is the tens digit of b(f)?
3
Suppose f + 7*f - 4912 = 0. What is the hundreds digit of f?
6
Suppose d + 0 - 3 = 0. Suppose 4*b + 47 = -f + 181, 2*f = -d*b + 243. What is the hundreds digit of f?
1
Let s = 1657 + 145. What is the hundreds digit of s?
8
Let m(a) = -a**3 + 5*a**2 + 2*a + 9. Let q be m(6). What is the units digit of q/(-6)*(-198)/(-15)?
3
Let o = 1723 + -1615. What is the hundreds digit of o?
1
Let w = 3029 - -427. What is the units digit of w?
6
Suppose 9*z - 67 = -22. Suppose 4*w + 48 = z*c, 2*w - 10 = -4. What is the units digit of c?
2
Suppose -4*h - 16 = -d, -3*d - 2*h + 2 = 10. Let t = d - 5. Let p(i) = -7*i + 1. What is the tens digit of p(t)?
3
What is the thousands digit of 2691 - ((8 - 9) + 1)?
2
Let z(j) = 2*j**2 - 21*j - 49. What is the tens digit of z(-14)?
3
Suppose d + 2 = -0. Let c = 5 + d. Suppose c*a + 28 = 2*u - 21, 5*a + 28 = u. What is the tens digit of u?
2
Let t(x) = 5*x**2 + 2*x - 5. Suppose -2*y = -4 - 4. What is the units digit of t(y)?
3
Let s(q) = -3*q + 4. Let i be s(-1). Suppose i = -p + 55. What is the tens digit of p?
4
Let l(o) = o**2 - 13*o - 12. Let h be l(14). Suppose 0 = -h*j + 4, -a - 2*j = -0*a - 144. Suppose 7*c - a = -0*c. What is the tens digit of c?
2
Let k(c) = 0*c + 2*c - 3 - c + 2*c**2. Let q be 3 + (-8 - (-2 + 0)). What is the units digit of k(q)?
2
Let j = 27 - 13. Let w be (-12)/28 + 244/j. Suppose -w - 33 = -5*x. What is the tens digit of x?
1
Let v = 45 + -119. Let y = 237 + v. What is the tens digit of y?
6
Let w(m) = -96*m + 414. What is the